 6?
5
Suppose 7*f - 4*f - 236 = 5*p, -p = -5*f + 430. Suppose b = -3*o + 16, 56 = 4*b - b + 5*o. What is the remainder when f is divided by b?
21
Let j(p) = -p**2 + 2*p + 4. Let b = -8 - -11. Let q be j(b). Suppose -3*l + x = -41, l + l + q = -5*x. What is the remainder when 45 is divided by l?
9
Let h be (-16 - -4)*4/(-6). What is the remainder when 78/(1/(4/h)) is divided by 20?
19
Suppose -16 = -h - 4*c, 30 = -5*h + 4*c + 110. Let l = -3 + 7. Suppose 0 = -d + l*w + 50, -4*w + 1 = 5. What is the remainder when d is divided by h?
14
Let j be (0 - 5)*30/25. Let u be 1/(-3) - 20/j. Suppose 31 = f - z, 2*f = -u*f + 3*z + 145. Calculate the remainder when 101 is divided by f.
23
Let j = 267 + -164. Calculate the remainder when j is divided by 35.
33
Suppose 27*r - 32*r + 251 = 3*y, 0 = -4*r - 3*y + 202. What is the remainder when 489 is divided by r?
48
Let a = 89 + 23. Suppose 5*s - a - 68 = 0. Calculate the remainder when 140 is divided by s.
32
Suppose 3*o + 8 = 53. Let m = -55 + 97. Calculate the remainder when m is divided by o.
12
Suppose 11*c = -53*c + 3584. Calculate the remainder when 179 is divided by c.
11
Let c(p) = 209*p**2 - 35*p + 115. What is the remainder when c(3) is divided by 43?
42
Let j(y) = -y**3 - 7*y**2 - 14*y + 12. What is the remainder when 277 is divided by j(-4)?
17
Let o = 76 + -22. What is the remainder when 2412/(-48)*(-5 + 5/(-15)) is divided by o?
52
Let w = 17 - 12. Suppose 0*o - 3*o = -12, 56 = m + w*o. Calculate the remainder when 61 is divided by m.
25
Suppose 0 = -19*u - 41 - 54. Let r(s) = -3*s + 3*s**3 - 2*s**3 + 4 + 4*s**2 + s**2. What is the remainder when r(u) is divided by 10?
9
Let x(l) = 43*l - 261. Calculate the remainder when 118 is divided by x(7).
38
Let y(p) = 4*p + 3. Suppose 2*x - 3*v - 14 = 0, -8 = -4*v - 0*v. What is the remainder when y(x) is divided by 22?
21
Suppose 13*u - 12*u = 5*x + 47, 0 = 3*u + 2*x - 226. What is the remainder when 935 is divided by u?
71
Let q be ((4 - 3) + 11)*12. Suppose 4*c - q = c. Let x = -3 + 13. What is the remainder when c is divided by x?
8
Let g = 24 - 40. Suppose 0*t = -5*t + 125. Calculate the remainder when t is divided by 2/8 - 140/g.
7
Suppose 3 + 9 = 3*u. Suppose -u*t + 70 = 3*t. Suppose -t*a = -14*a + 40. What is the remainder when 15 is divided by a?
5
Let r = 1116 + -854. What is the remainder when r is divided by 20?
2
Calculate the remainder when 206 is divided by 32/(-128) - (-37)/4.
8
Let v(h) be the second derivative of -h**3/6 - 3*h**2 + h. Let n be v(-9). Suppose o + n*o = 100. What is the remainder when o is divided by 13?
12
Suppose 0 = 3*n + 3*j - 4*j - 23, 0 = -n - j + 1. Suppose -2*o - 74 = -4*p, 3*p + 26 = -4*o - 144. Calculate the remainder when 4/8 + o/(-2) is divided by n.
3
Suppose -3*v + 8*v = 0. Suppose v = 2*w + 10, 5*w = 3*r - 0*r - 148. Calculate the remainder when r is divided by 22.
19
Let k(o) = 2*o**3 + 6*o**2 + o - 3. Let s be k(-5). Let v = 129 + s. What is the remainder when 54 is divided by v?
12
Let o(f) = f**2 + f. Let p(s) = 3*s**2 - 7*s + 5. Let a = 5 + -6. Let u(l) = a*o(l) + p(l). What is the remainder when 28 is divided by u(5)?
13
Suppose 0*v + 16 = 4*v + 4*n, 2*v = -5*n + 2. Suppose 0 = -w - t + v, -5*w + t = -4*w - 14. What is the remainder when 88 is divided by w?
8
Let x(k) = -k**2 - k + 1. Let c(z) = -5*z**2 - 15*z + 36. Let l(q) = c(q) - 6*x(q). What is the remainder when 62 is divided by l(7)?
14
Let v be (29 - -1)*60/45. Calculate the remainder when 108 is divided by 1*(3 + -6 + v).
34
What is the remainder when 32 is divided by (56 - -1)*(-2)/(-13 - -7)?
13
Let u(n) = 9*n + 5*n**2 - 50 - n**3 + 3*n**2 + 35. Calculate the remainder when u(4) is divided by 8.
5
Suppose 14 = 6*m - 4. Suppose 0 = -5*t + m*t - 80. Let j = -9 - t. What is the remainder when j is divided by 8?
7
Let c be -15*(-3)/((-36)/(-76)). Suppose 5*w + 3*s - c = s, -76 = -3*w - 5*s. Let k = w + 5. What is the remainder when 65 is divided by k?
21
Let x(w) = 70*w**2 + 19*w + 49. What is the remainder when x(-3) is divided by 13?
11
Suppose -4*h + 306 = 250. Let t(w) = w**2 - 4 + 2 + 3 - 2*w. What is the remainder when h is divided by t(3)?
2
Suppose -2*s = -3*s + 5. Let v(p) = 10*p**2 - 2*p + p + 6*p + p**3 - s. What is the remainder when 121 is divided by v(-9)?
28
Suppose 31*z - 685 = -251. Calculate the remainder when z is divided by ((-7)/(-2))/((-3)/(-6)).
0
Let l(g) = 40*g**3 + 13*g**2 - 19*g + 5. Let u(w) = w**3 + w**2 + w + 22. Calculate the remainder when l(1) is divided by u(0).
17
Let h(s) = 19*s**3 - s**2 - s + 1. Let y be ((-60)/28 + 3)*14. Let g = y - 5. What is the remainder when h(1) is divided by g?
4
Let i(h) = -h**3 + 16*h**2 + 6. Let n(c) = -c**2 - 20*c - 4. What is the remainder when n(-19) is divided by i(16)?
3
Suppose 3*r = 56 + 13. Suppose -8*n + 360 = 5*h, 0 = 2*n + h + 2*h - 90. Calculate the remainder when n is divided by r.
22
Let z(y) = -y**3 + 43*y**2 + 144*y - 22. What is the remainder when z(46) is divided by 10?
4
Let a = -2 + 1. Let q(y) = -80*y**2 - 4*y - 21. Let i(g) = -g - 4. Let z(c) = 5*i(c) - q(c). Calculate the remainder when z(a) is divided by 21.
19
Let z(q) = q**2 - 76. What is the remainder when 153 is divided by z(11)?
18
Let d(k) = 8*k**2 + 7*k + 11. Calculate the remainder when d(-2) is divided by 9.
2
Let f(l) = 2*l**3 - 4*l**2 - 41*l - 4. What is the remainder when f(6) is divided by 4?
2
Calculate the remainder when 36 is divided by 142/6 + ((-62)/(-6) - 10).
12
Let i(u) = u**2 - 30*u + 129. Calculate the remainder when 19 is divided by i(5).
3
Let x(p) = -2*p**3 - 32*p**2 - 5*p - 46. What is the remainder when x(-16) is divided by 13?
8
Let n = 570 - 562. What is the remainder when 60 is divided by n?
4
Let n = 54 + -50. Let r = 19 + -9. Calculate the remainder when r is divided by n.
2
Let n(f) = f**2 + 70*f + 1241. Suppose 5*w - 366 = g, w = -2*g + 5*g + 62. Calculate the remainder when w is divided by n(-37).
14
Suppose 15*a - 164 = 11*a - 3*z, 4*z + 174 = 5*a. Calculate the remainder when 1632 is divided by a.
36
Suppose 52 = 5*g + 2*k, 3*g = 2*g - 2*k + 12. Let s(l) = 2*l - 6. Calculate the remainder when g is divided by s(6).
4
Let q = 6 - -4. Let k = 572 - 565. Calculate the remainder when q is divided by k.
3
Let x = -362 + 456. What is the remainder when x is divided by 25?
19
Let i(l) = -7*l + 1. Let g(k) be the third derivative of -k**4/24 + 3*k**2. Let d(s) = 6*g(s) - i(s). Calculate the remainder when 7 is divided by d(4).
1
Calculate the remainder when (-7275)/(-345) + (-2)/23 is divided by 4.
1
What is the remainder when 58 is divided by (30/(-20))/((-3)/42)?
16
Let p be (-4)/((-4)/(-3)) + 5. Let z(r) = 4*r**2 + r - 6. Let f(l) = 3*l**2 - 6. Let o(s) = p*z(s) - 3*f(s). What is the remainder when 10 is divided by o(0)?
4
Let k be (1 - 0) + -1 - -28. Suppose 5*v - k = -18. Calculate the remainder when 3 is divided by v.
1
Let p(d) = 2*d - 16. Let x be p(8). Suppose 2*m - 11 - 9 = x. Let u(r) = -r**3 - 6*r**2 - 2*r - 9. Calculate the remainder when m is divided by u(-6).
1
Suppose -y + 3 = 0, -13*a + 3*y = -15*a + 207. Calculate the remainder when 378 is divided by a.
81
Suppose 5*f - 180 = -5*q, 0*q + 2 = q. Let r = f - 18. Suppose -3*z = z + 3*h - 20, 4*z + 2*h - r = 0. Calculate the remainder when 5 is divided by z.
1
Let d(h) = 7*h**2 - 139*h + 37. Calculate the remainder when 156 is divided by d(20).
42
Suppose -4*v = -11*v + 28. Suppose -3*g + 43 = -260. Suppose -4*j + 44 = -3*h + g, v*h - 5*j - 76 = 0. What is the remainder when 36 is divided by h?
17
Let k(y) = y**3 - 52*y**2 + 103*y - 87. Calculate the remainder when k(50) is divided by 40.
23
Let a(q) = -q**2 + 17*q - 52. Calculate the remainder when 54 is divided by a(9).
14
Let f = -4 - -7. Suppose -f*u - 2 = n, 5*n - 30 = -4*u - u. What is the remainder when ((-1)/4)/((3/76)/(-3)) is divided by n?
9
Let m(b) = -14*b. Let q(g) = -g + 20. Let f be q(0). Let h = 59 - f. Calculate the remainder when h is divided by m(-1).
11
Suppose 264 = 2*z - 4*x + 62, z = -3*x + 126. What is the remainder when z/3 + -2 + 0 + 0 is divided by 12?
11
Let f be (-1 + 34)/(10/20). Suppose -2*v + 6*v = 3*a - f, -5*a - 4*v = -142. Suppose -y + a = 8. What is the remainder when 52 is divided by y?
16
Let r = -23 + 29. Let d = r + 6